{"id":616,"date":"2017-11-09T15:00:04","date_gmt":"2017-11-09T14:00:04","guid":{"rendered":"http:\/\/stahlandmoor.de\/?post_type=product&#038;p=616"},"modified":"2023-09-15T18:39:42","modified_gmt":"2023-09-15T16:39:42","slug":"profi-hackklotz-hackblock-bucheholz-400x400xh110mm","status":"publish","type":"product","link":"https:\/\/stahlandmoor.de\/?product=profi-hackklotz-hackblock-bucheholz-400x400xh110mm","title":{"rendered":"Profi Hackklotz Hackblock Bucheholz 400x400x(H)110mm"},"content":{"rendered":"<p><a href=\"https:\/\/stahlandmoor.de\/wp-content\/uploads\/2017\/11\/20170628_101716_clipped_rev_1.png\"><img loading=\"lazy\" decoding=\"async\" class=\"alignnone size-medium wp-image-578\" src=\"https:\/\/stahlandmoor.de\/wp-content\/uploads\/2017\/11\/20170628_101716_clipped_rev_1-225x300.png\" alt=\"\" width=\"225\" height=\"300\" srcset=\"https:\/\/stahlandmoor.de\/wp-content\/uploads\/2017\/11\/20170628_101716_clipped_rev_1-225x300.png 225w, https:\/\/stahlandmoor.de\/wp-content\/uploads\/2017\/11\/20170628_101716_clipped_rev_1-600x800.png 600w, https:\/\/stahlandmoor.de\/wp-content\/uploads\/2017\/11\/20170628_101716_clipped_rev_1-768x1024.png 768w, https:\/\/stahlandmoor.de\/wp-content\/uploads\/2017\/11\/20170628_101716_clipped_rev_1.png 1774w\" sizes=\"auto, (max-width: 225px) 100vw, 225px\" \/><\/a><\/p>\n<p><span style=\"font-size: large;\"><span style=\"font-size: x-large;\">Neue Schneidbrett\/Hackklotz aus Buchenholz,Bechandelt und Ge\u00f6lt mit Holzuntergestell<\/span> <\/span><span style=\"font-size: large;\"><span style=\"font-size: x-large;\">F\u00fcr Fleisch klopfen und hacken geeignet!<\/span><\/span><br \/>\n<span style=\"font-size: large;\"><span style=\"font-size: x-large;\">Holzblock wird von unten mit Schrauber zum Edelstahlgestell Befestigt und kann von Beiden seiten benutzt werden!<\/span><\/span><br \/>\n<span style=\"font-size: large;\"><span style=\"font-size: x-large;\">Ideal f\u00fcr K\u00fcche, K\u00f6che usw.<\/span><\/span><\/p>\n<p><span style=\"font-size: large;\"><span style=\"font-size: x-large;\">ma\u00dfen:<\/span><\/span>400x400x(H)110mm<\/p>\n<p>Versand kann bis 15 Werktagen dauern!<\/p>\n","protected":false},"excerpt":{"rendered":"<p>Neue Schneidbrett\/Hackklotz aus Buchenholz,Bechandelt und Ge\u00f6lt mit Holzuntergestell F\u00fcr Fleisch klopfen und hacken geeignet! Holzblock wird von unten mit Schrauber zum Edelstahlgestell Befestigt und kann von Beiden seiten benutzt werden! Ideal f\u00fcr<a class=\"moretag\" href=\"https:\/\/stahlandmoor.de\/?product=profi-hackklotz-hackblock-bucheholz-400x400xh110mm\">Read More&#8230;<\/a><\/p>\n","protected":false},"featured_media":578,"template":"","meta":[],"product_brand":[],"product_cat":[11],"product_tag":[],"class_list":{"0":"post-616","1":"product","2":"type-product","3":"status-publish","4":"has-post-thumbnail","6":"product_cat-hackklotz-und-schneidbretter","7":"product_shipping_class-allgemein-mittel","9":"first","10":"instock","11":"taxable","12":"shipping-taxable","13":"purchasable","14":"product-type-simple"},"_links":{"self":[{"href":"https:\/\/stahlandmoor.de\/index.php?rest_route=\/wp\/v2\/product\/616","targetHints":{"allow":["GET"]}}],"collection":[{"href":"https:\/\/stahlandmoor.de\/index.php?rest_route=\/wp\/v2\/product"}],"about":[{"href":"https:\/\/stahlandmoor.de\/index.php?rest_route=\/wp\/v2\/types\/product"}],"wp:featuredmedia":[{"embeddable":true,"href":"https:\/\/stahlandmoor.de\/index.php?rest_route=\/wp\/v2\/media\/578"}],"wp:attachment":[{"href":"https:\/\/stahlandmoor.de\/index.php?rest_route=%2Fwp%2Fv2%2Fmedia&parent=616"}],"wp:term":[{"taxonomy":"product_brand","embeddable":true,"href":"https:\/\/stahlandmoor.de\/index.php?rest_route=%2Fwp%2Fv2%2Fproduct_brand&post=616"},{"taxonomy":"product_cat","embeddable":true,"href":"https:\/\/stahlandmoor.de\/index.php?rest_route=%2Fwp%2Fv2%2Fproduct_cat&post=616"},{"taxonomy":"product_tag","embeddable":true,"href":"https:\/\/stahlandmoor.de\/index.php?rest_route=%2Fwp%2Fv2%2Fproduct_tag&post=616"}],"curies":[{"name":"wp","href":"https:\/\/api.w.org\/{rel}","templated":true}]}}